54 - -18. Let v be 868/18 + 8/m. Calculate the highest common factor of v and 24.
24
Let r be 10880/55 - 2/(-11). Calculate the greatest common divisor of 18 and r.
18
Let x(m) = -3*m + 2. Let i be x(2). Let o = i - -6. Suppose 4*l = o*l + 4*a + 132, 3*a - 356 = -5*l. Calculate the greatest common divisor of l and 10.
10
Suppose -10*u + 322 = 42. Suppose -3*x = -427 + 25. Suppose -76 - x = -3*a. Calculate the greatest common factor of a and u.
14
Let n(d) = 13*d**3 - d. Let j be n(4). Suppose 4*o = -0*o + j. What is the highest common factor of 23 and o?
23
Let q = -1 + 4. Suppose -q*y = 4 - 67. What is the greatest common divisor of 3 and y?
3
Suppose 3*w + 3*t = 4*t + 6, 4*w + 5*t - 8 = 0. Let g(l) = 34*l - 4. Let m be g(w). Calculate the highest common divisor of 16 and m.
16
Let z(g) = -g**2 - 5*g - 1. Let f be z(-5). Let h = f - -3. Calculate the highest common factor of h and 1.
1
Suppose 2*g + 24 = 10*g. Calculate the greatest common factor of 21 and g.
3
Let q = -67 + 131. Let p(m) = m**2 + m - 4. Let z be p(3). Calculate the highest common divisor of z and q.
8
Let j = -20 + 29. Let l(x) = -x + 17. Let d be l(j). What is the highest common factor of d and 72?
8
Let j = -10 + 38. Calculate the greatest common divisor of 14 and j.
14
Let d(t) = t**2 - 2*t - 4. Let r be d(4). Let w be (-1 - r)/((-1)/1). Calculate the greatest common divisor of w and 2.
1
Suppose 5*x = 5*w + 13 + 52, -54 = -4*x + 2*w. Let v be x/(-28)*(0 + -2). Calculate the highest common factor of 2 and v.
1
Let l(f) = -f**3 - 8*f**2 + 2. Let o be l(-8). Suppose -j + 42 = 5*b, 4*b = -o*j + 2*b + 84. What is the highest common factor of 21 and j?
21
Let u(w) = -2*w - 4. Let b be u(-4). Let s be ((-9)/b)/((-1)/32). Calculate the highest common factor of s and 8.
8
Suppose -22 + 6 = -4*f. Suppose -t + 81 = f*h, 2*h + 5*t - 28 = 17. Calculate the greatest common divisor of 5 and h.
5
Suppose -3*a + 242 = 5*c - 0*c, 4*a = 4*c - 200. What is the highest common divisor of 7 and c?
7
Let o(r) = r**2 + 3*r + 2. Let h be o(3). Suppose 0*b - 3*b = -6. Let n be (b/1 - -1) + 47. Calculate the greatest common divisor of h and n.
10
Suppose 2*w - 5*m - 4 = 9, -m + 17 = w. Suppose -n + w = -49. Suppose -28 = -3*x - 7. Calculate the greatest common divisor of x and n.
7
Suppose -t = -0*t - 11. Let c(q) = -q**3 + 6*q**2 + 38*q. Let y be c(9). Calculate the greatest common divisor of t and y.
11
Let h(n) = 2*n**2 + 2*n. Let o be h(2). Calculate the highest common factor of 84 and o.
12
Let k(g) = -g - 3. Suppose -3*a - a - 20 = 0. Let d be k(a). Calculate the greatest common divisor of d and 22.
2
Let h(w) = w**2 + 7*w - 3. Let i be h(-8). Calculate the highest common divisor of 35 and i.
5
Suppose 0*h = -h - 16. Let g be -1 + 0 + h + -1. Let b be (-1 + 2)/((-2)/g). Calculate the greatest common factor of 81 and b.
9
Let h(f) = f**3 - 9*f**2 + 11*f + 3. Let b be h(8). Let n = b + -11. What is the greatest common factor of n and 16?
16
Let o(f) = -3*f + 11 + 3 - 4 + f**2 - 5*f. Let t be o(8). Suppose 6 = 3*g - 0*g. Calculate the highest common divisor of t and g.
2
Suppose 0 = -2*w + 4 + 12. Let d(o) = -38*o + 1. Let u be d(-1). Suppose 33 = 3*a - u. What is the greatest common divisor of w and a?
8
Suppose 0*a = 4*a. Let d(z) = z**2 + z. Let h be d(4). Suppose a = -2*r + 2*l + 16, -r + 3*r - 3*l - h = 0. Calculate the greatest common divisor of 4 and r.
4
Let o(k) = 2*k**2 - 2*k + 1. Let x be o(2). Suppose -5 - 35 = -x*m. What is the greatest common factor of m and 88?
8
Suppose -4*b + 24 = -3*m - m, 0 = -2*b + 5*m + 18. Suppose -b*y + 61 = 5. Suppose -y = 2*o - 154. Calculate the greatest common factor of o and 14.
14
Let c(j) = j**2 - 8*j - 5. Let a be c(8). Suppose 2*g - 4*z = -2 + 6, -5*z = -5. Let k = g - a. What is the greatest common divisor of 3 and k?
3
Let u(w) = 3*w - 7*w + 1 - 2 + 2. Let r be u(-2). Let h be 465/r + (-2)/(-6). What is the greatest common divisor of 13 and h?
13
Let n be 12/(-30) + 4/10. Suppose n = 4*j - 5*j + 6. Let k be 2 + j - (2 - 0). Calculate the greatest common factor of k and 18.
6
Let h be (-1)/6 + 155/30. Suppose 2*o + 12 = -h*p + 32, -4*p + 16 = 4*o. Let d = p + 4. Calculate the highest common factor of d and 20.
4
Let h = 45 + 41. Suppose -t + 299 + h = 0. Suppose 0 = 2*s + 3*s - t. What is the greatest common divisor of s and 7?
7
Suppose 0 = -o + 4*t + 18, 5*t = 8*o - 9*o - 18. What is the greatest common divisor of 3 and o?
1
Let k = 5 + 1. Calculate the greatest common factor of 12 and k.
6
Suppose -15 = -0*o - 3*o, 4*c + 2*o = 74. Calculate the greatest common factor of c and 2.
2
Let q(h) = 10*h**2 + 2*h + 13. Let g(m) = 3*m**2 + m + 4. Let k(p) = 7*g(p) - 2*q(p). Let n be k(4). Calculate the highest common divisor of 10 and n.
10
Suppose -6 = -6*q + 4*q. Let z(j) = j**3 - 2*j**2 + 3. Let u be z(q). Let g(y) = 9*y**2 + 3. Let c be g(3). What is the greatest common divisor of u and c?
12
Let n be 47/5 - (-6)/(-15). Let f = n - -4. Calculate the greatest common divisor of f and 39.
13
Let c = 147 + 3. Suppose c = -0*k + 3*k. What is the greatest common divisor of 10 and k?
10
Suppose z = -b + 4*b - 171, 2*z + 174 = 3*b. What is the greatest common divisor of 14 and b?
14
Let s be (-1*(-1)/2)/(4/8). Calculate the greatest common factor of s and 3.
1
Let d(r) = -28*r - 12. Let c be d(-9). Suppose -f - 1187 = -5*o - c, -f - 569 = -3*o. Calculate the highest common factor of o and 21.
21
Let l be (-4)/(-6) - (-7)/3. Let h(m) = m**3 - 5*m**2 - m - 3. Let t be h(l). Let u = 48 + t. Calculate the highest common divisor of 6 and u.
6
Let z = -17 + 193. What is the highest common factor of 22 and z?
22
Suppose -5*s + 36 = -2*o, 4*s = 2*s - 3*o + 3. Suppose 3*v = -4*f - v + 16, f - 3*v - 12 = 0. What is the greatest common factor of f and s?
6
Suppose 5*h + 3*o = 2*h - 81, -75 = 3*h + o. Let u = h - -43. Let l = u - 12. What is the greatest common divisor of l and 14?
7
Let o(i) = 0 + 4 - 29*i**2 + 14*i**2. Let l be o(5). Let h = -107 - l. What is the highest common factor of 24 and h?
24
Let z(m) = 49*m + 1. Let y be z(1). Let g = -26 + 46. Calculate the greatest common factor of g and y.
10
Suppose -4*w + 2*p = -445 - 305, -w + 192 = -5*p. Calculate the highest common factor of w and 17.
17
Suppose -64 = 13*j - 545. What is the greatest common factor of 333 and j?
37
Let h be -2 + (6/(-1))/3. Let p = -2 - h. Let u be 69 + (1 - p) - 2. What is the highest common factor of u and 6?
6
Let h be (1 + -76)/((-4)/4). Let v(t) = -12*t. Let j be v(4). Let s = j + 78. What is the greatest common factor of h and s?
15
Let a(c) = 4*c + 20. Let t be a(6). Calculate the greatest common factor of 66 and t.
22
Suppose 3*b + 2*g - 4 + 33 = 0, 0 = -5*b - g - 53. Let k = b + 21. Let p be k/35 - (-192)/14. Calculate the highest common factor of 112 and p.
14
Suppose -2*g = -5*m - 89, 4*g + m - 130 = 37. What is the highest common factor of g and 21?
21
Let k = 136 - 71. What is the highest common divisor of 5 and k?
5
Let w = 72 + -16. What is the highest common divisor of 8 and w?
8
Let a be (-46)/(-2) + 4 - (4 + -1). Calculate the highest common divisor of 6 and a.
6
Let d(q) = -q**3 - 9*q**2 - q - 5. Let f be d(-9). Let l(r) = 4*r**2 - r + 5. Let t be l(f). What is the highest common divisor of t and 13?
13
Let y = 427 + -257. What is the highest common divisor of y and 17?
17
Suppose 5*b - 75 = 135. What is the highest common divisor of 14 and b?
14
Let d = 22 - 13. Suppose 0 = 4*s - 9 - 27. Calculate the highest common divisor of s and d.
9
Let u(t) = 2*t**2 + 3*t - 7. Let w be u(-5). Let k = w - 17. What is the greatest common factor of k and 11?
11
Let s be (-29 - -20)/((-3)/7). What is the highest common factor of 189 and s?
21
Suppose 2*y - 4*z - 106 = -3*y, 5*z + 61 = 3*y. Calculate the highest common factor of y and 198.
22
Suppose -7*y + 2*y = -2*i + 7, -2*i = y - 37. What is the greatest common factor of 12 and i?
4
Suppose -2*c = -7*c + 15. Suppose 7 = c*j - 8. Suppose 2*w + 14 = -j*y, 0*w - w + 15 = -3*y. What is the greatest common factor of 24 and w?
3
Suppose 0*q = -3*q + 24. Let r be (2 - 2 - -1) + 26. Suppose -2*k - 3*y + r = -0*y, 0 = k + 3*y - 15. Calculate the highest common divisor of q and k.
4
Let r(y) = 12*y**2 - 3*y - 4. Let u be r(-2). Wh